{"id":8006,"date":"2023-10-31T11:40:57","date_gmt":"2023-10-31T10:40:57","guid":{"rendered":"https:\/\/absl.cz\/?post_type=avada_portfolio&#038;p=8006"},"modified":"2024-02-05T11:44:50","modified_gmt":"2024-02-05T10:44:50","slug":"podnikove-sluzby-jsou-nejzamestnanejsi-obor-v-brne","status":"publish","type":"avada_portfolio","link":"https:\/\/absl.cz\/cs\/news\/podnikove-sluzby-jsou-nejzamestnanejsi-obor-v-brne\/","title":{"rendered":"Podnikov\u00e9 slu\u017eby jsou nejzam\u011bstnan\u011bj\u0161\u00ed obor v Brn\u011b."},"content":{"rendered":"<div class=\"fusion-fullwidth fullwidth-box fusion-builder-row-1 fusion-flex-container has-pattern-background has-mask-background nonhundred-percent-fullwidth non-hundred-percent-height-scrolling\" style=\"--awb-border-radius-top-left:0px;--awb-border-radius-top-right:0px;--awb-border-radius-bottom-right:0px;--awb-border-radius-bottom-left:0px;--awb-flex-wrap:wrap;\" ><div class=\"fusion-builder-row fusion-row fusion-flex-align-items-flex-start fusion-flex-content-wrap\" style=\"max-width:1123.2px;margin-left: calc(-4% \/ 2 );margin-right: calc(-4% \/ 2 );\"><div class=\"fusion-layout-column fusion_builder_column fusion-builder-column-0 fusion_builder_column_1_2 1_2 fusion-flex-column\" style=\"--awb-bg-size:cover;--awb-width-large:50%;--awb-margin-top-large:0px;--awb-spacing-right-large:3.84%;--awb-margin-bottom-large:20px;--awb-spacing-left-large:3.84%;--awb-width-medium:50%;--awb-order-medium:0;--awb-spacing-right-medium:3.84%;--awb-spacing-left-medium:3.84%;--awb-width-small:100%;--awb-order-small:0;--awb-spacing-right-small:1.92%;--awb-spacing-left-small:1.92%;\"><div class=\"fusion-column-wrapper fusion-column-has-shadow fusion-flex-justify-content-flex-start fusion-content-layout-column\"><div class=\"fusion-text fusion-text-1\"><p>Ka\u017ed\u00fd 6 \u010dlov\u011bk v Brn\u011b pracuje v oboru IT a v oboru podnikov\u00fdch slu\u017eeb. Je to nejrychleji se rozv\u00edjej\u00edc\u00ed sektor \u010desk\u00e9 ekonomiky.\u00a0Brno se v tom sektoru podnikov\u00fdch slu\u017eeb a stavu jak\u00fdm jsi centrem a to celoevropsk\u00fd proto\u017ee v \u017e\u00e1dn\u00e9m jin\u00e9m evropsk\u00e9m m\u011bst\u011b nen\u00ed ta hustota zam\u011bstnanosti v tomto sektoru tak vysok\u00e1.<\/p>\n<\/div><\/div><\/div><div class=\"fusion-layout-column fusion_builder_column fusion-builder-column-1 fusion_builder_column_1_2 1_2 fusion-flex-column\" style=\"--awb-bg-size:cover;--awb-width-large:50%;--awb-margin-top-large:0px;--awb-spacing-right-large:3.84%;--awb-margin-bottom-large:20px;--awb-spacing-left-large:3.84%;--awb-width-medium:50%;--awb-order-medium:0;--awb-spacing-right-medium:3.84%;--awb-spacing-left-medium:3.84%;--awb-width-small:100%;--awb-order-small:0;--awb-spacing-right-small:1.92%;--awb-spacing-left-small:1.92%;\"><div class=\"fusion-column-wrapper fusion-column-has-shadow fusion-flex-justify-content-flex-start fusion-content-layout-column\"><div class=\"fusion-video fusion-selfhosted-video\" style=\"max-width:100%;\"><div class=\"video-wrapper\"><video playsinline=\"true\" width=\"100%\" style=\"object-fit: cover;\" autoplay=\"true\" muted=\"true\" loop=\"true\" preload=\"auto\" controls=\"1\"><source src=\"https:\/\/absl.cz\/wp-content\/uploads\/2024\/02\/download.mp4\" type=\"video\/mp4\">Sorry, your browser doesn&#039;t support embedded videos.<\/video><\/div><\/div><\/div><\/div><\/div><\/div>\n","protected":false},"excerpt":{"rendered":"","protected":false},"author":6,"featured_media":7073,"menu_order":0,"comment_status":"open","ping_status":"closed","template":"","format":"standard","meta":{"_acf_changed":false,"footnotes":""},"portfolio_category":[],"portfolio_skills":[],"portfolio_tags":[],"class_list":["post-8006","avada_portfolio","type-avada_portfolio","status-publish","format-standard","has-post-thumbnail","hentry"],"acf":[],"yoast_head":"<!-- This site is optimized with the Yoast SEO plugin v27.5 - https:\/\/yoast.com\/product\/yoast-seo-wordpress\/ -->\n<title>Podnikov\u00e9 slu\u017eby jsou nejzam\u011bstnan\u011bj\u0161\u00ed obor v Brn\u011b. - absl<\/title>\n<meta name=\"robots\" content=\"index, follow, max-snippet:-1, max-image-preview:large, max-video-preview:-1\" \/>\n<link rel=\"canonical\" href=\"https:\/\/absl.cz\/cs\/news\/podnikove-sluzby-jsou-nejzamestnanejsi-obor-v-brne\/\" \/>\n<meta property=\"og:locale\" content=\"cs_CZ\" \/>\n<meta property=\"og:type\" content=\"article\" \/>\n<meta property=\"og:title\" content=\"Podnikov\u00e9 slu\u017eby jsou nejzam\u011bstnan\u011bj\u0161\u00ed obor v Brn\u011b. - absl\" \/>\n<meta property=\"og:url\" content=\"https:\/\/absl.cz\/cs\/news\/podnikove-sluzby-jsou-nejzamestnanejsi-obor-v-brne\/\" \/>\n<meta property=\"og:site_name\" content=\"absl\" \/>\n<meta property=\"article:modified_time\" content=\"2024-02-05T10:44:50+00:00\" \/>\n<meta property=\"og:image\" content=\"https:\/\/absl.cz\/wp-content\/uploads\/2023\/11\/ABSL_BRNO_PRINT-_foto-Stepan-Plucar-scaled.jpg\" \/>\n\t<meta property=\"og:image:width\" content=\"2560\" \/>\n\t<meta property=\"og:image:height\" content=\"1707\" \/>\n\t<meta property=\"og:image:type\" content=\"image\/jpeg\" \/>\n<meta name=\"twitter:card\" content=\"summary_large_image\" \/>\n<meta name=\"twitter:label1\" content=\"Odhadovan\u00e1 doba \u010dten\u00ed\" \/>\n\t<meta name=\"twitter:data1\" content=\"1 minuta\" \/>\n<script type=\"application\/ld+json\" class=\"yoast-schema-graph\">{\"@context\":\"https:\\\/\\\/schema.org\",\"@graph\":[{\"@type\":\"WebPage\",\"@id\":\"https:\\\/\\\/absl.cz\\\/cs\\\/news\\\/podnikove-sluzby-jsou-nejzamestnanejsi-obor-v-brne\\\/\",\"url\":\"https:\\\/\\\/absl.cz\\\/cs\\\/news\\\/podnikove-sluzby-jsou-nejzamestnanejsi-obor-v-brne\\\/\",\"name\":\"Podnikov\u00e9 slu\u017eby jsou nejzam\u011bstnan\u011bj\u0161\u00ed obor v Brn\u011b. - absl\",\"isPartOf\":{\"@id\":\"https:\\\/\\\/absl.cz\\\/cs\\\/#website\"},\"primaryImageOfPage\":{\"@id\":\"https:\\\/\\\/absl.cz\\\/cs\\\/news\\\/podnikove-sluzby-jsou-nejzamestnanejsi-obor-v-brne\\\/#primaryimage\"},\"image\":{\"@id\":\"https:\\\/\\\/absl.cz\\\/cs\\\/news\\\/podnikove-sluzby-jsou-nejzamestnanejsi-obor-v-brne\\\/#primaryimage\"},\"thumbnailUrl\":\"https:\\\/\\\/absl.cz\\\/wp-content\\\/uploads\\\/2023\\\/11\\\/ABSL_BRNO_PRINT-_foto-Stepan-Plucar-scaled.jpg\",\"datePublished\":\"2023-10-31T10:40:57+00:00\",\"dateModified\":\"2024-02-05T10:44:50+00:00\",\"breadcrumb\":{\"@id\":\"https:\\\/\\\/absl.cz\\\/cs\\\/news\\\/podnikove-sluzby-jsou-nejzamestnanejsi-obor-v-brne\\\/#breadcrumb\"},\"inLanguage\":\"cs\",\"potentialAction\":[{\"@type\":\"ReadAction\",\"target\":[\"https:\\\/\\\/absl.cz\\\/cs\\\/news\\\/podnikove-sluzby-jsou-nejzamestnanejsi-obor-v-brne\\\/\"]}]},{\"@type\":\"ImageObject\",\"inLanguage\":\"cs\",\"@id\":\"https:\\\/\\\/absl.cz\\\/cs\\\/news\\\/podnikove-sluzby-jsou-nejzamestnanejsi-obor-v-brne\\\/#primaryimage\",\"url\":\"https:\\\/\\\/absl.cz\\\/wp-content\\\/uploads\\\/2023\\\/11\\\/ABSL_BRNO_PRINT-_foto-Stepan-Plucar-scaled.jpg\",\"contentUrl\":\"https:\\\/\\\/absl.cz\\\/wp-content\\\/uploads\\\/2023\\\/11\\\/ABSL_BRNO_PRINT-_foto-Stepan-Plucar-scaled.jpg\",\"width\":1620,\"height\":1080},{\"@type\":\"BreadcrumbList\",\"@id\":\"https:\\\/\\\/absl.cz\\\/cs\\\/news\\\/podnikove-sluzby-jsou-nejzamestnanejsi-obor-v-brne\\\/#breadcrumb\",\"itemListElement\":[{\"@type\":\"ListItem\",\"position\":1,\"name\":\"Portfolio\",\"item\":\"https:\\\/\\\/absl.cz\\\/portfolio-items\\\/\"},{\"@type\":\"ListItem\",\"position\":2,\"name\":\"Podnikov\u00e9 slu\u017eby jsou nejzam\u011bstnan\u011bj\u0161\u00ed obor v Brn\u011b.\"}]},{\"@type\":\"WebSite\",\"@id\":\"https:\\\/\\\/absl.cz\\\/cs\\\/#website\",\"url\":\"https:\\\/\\\/absl.cz\\\/cs\\\/\",\"name\":\"absl\",\"description\":\"\",\"potentialAction\":[{\"@type\":\"SearchAction\",\"target\":{\"@type\":\"EntryPoint\",\"urlTemplate\":\"https:\\\/\\\/absl.cz\\\/cs\\\/?s={search_term_string}\"},\"query-input\":{\"@type\":\"PropertyValueSpecification\",\"valueRequired\":true,\"valueName\":\"search_term_string\"}}],\"inLanguage\":\"cs\"}]}<\/script>\n<!-- \/ Yoast SEO plugin. -->","yoast_head_json":{"title":"Podnikov\u00e9 slu\u017eby jsou nejzam\u011bstnan\u011bj\u0161\u00ed obor v Brn\u011b. - absl","robots":{"index":"index","follow":"follow","max-snippet":"max-snippet:-1","max-image-preview":"max-image-preview:large","max-video-preview":"max-video-preview:-1"},"canonical":"https:\/\/absl.cz\/cs\/news\/podnikove-sluzby-jsou-nejzamestnanejsi-obor-v-brne\/","og_locale":"cs_CZ","og_type":"article","og_title":"Podnikov\u00e9 slu\u017eby jsou nejzam\u011bstnan\u011bj\u0161\u00ed obor v Brn\u011b. - absl","og_url":"https:\/\/absl.cz\/cs\/news\/podnikove-sluzby-jsou-nejzamestnanejsi-obor-v-brne\/","og_site_name":"absl","article_modified_time":"2024-02-05T10:44:50+00:00","og_image":[{"width":2560,"height":1707,"url":"https:\/\/absl.cz\/wp-content\/uploads\/2023\/11\/ABSL_BRNO_PRINT-_foto-Stepan-Plucar-scaled.jpg","type":"image\/jpeg"}],"twitter_card":"summary_large_image","twitter_misc":{"Odhadovan\u00e1 doba \u010dten\u00ed":"1 minuta"},"schema":{"@context":"https:\/\/schema.org","@graph":[{"@type":"WebPage","@id":"https:\/\/absl.cz\/cs\/news\/podnikove-sluzby-jsou-nejzamestnanejsi-obor-v-brne\/","url":"https:\/\/absl.cz\/cs\/news\/podnikove-sluzby-jsou-nejzamestnanejsi-obor-v-brne\/","name":"Podnikov\u00e9 slu\u017eby jsou nejzam\u011bstnan\u011bj\u0161\u00ed obor v Brn\u011b. - absl","isPartOf":{"@id":"https:\/\/absl.cz\/cs\/#website"},"primaryImageOfPage":{"@id":"https:\/\/absl.cz\/cs\/news\/podnikove-sluzby-jsou-nejzamestnanejsi-obor-v-brne\/#primaryimage"},"image":{"@id":"https:\/\/absl.cz\/cs\/news\/podnikove-sluzby-jsou-nejzamestnanejsi-obor-v-brne\/#primaryimage"},"thumbnailUrl":"https:\/\/absl.cz\/wp-content\/uploads\/2023\/11\/ABSL_BRNO_PRINT-_foto-Stepan-Plucar-scaled.jpg","datePublished":"2023-10-31T10:40:57+00:00","dateModified":"2024-02-05T10:44:50+00:00","breadcrumb":{"@id":"https:\/\/absl.cz\/cs\/news\/podnikove-sluzby-jsou-nejzamestnanejsi-obor-v-brne\/#breadcrumb"},"inLanguage":"cs","potentialAction":[{"@type":"ReadAction","target":["https:\/\/absl.cz\/cs\/news\/podnikove-sluzby-jsou-nejzamestnanejsi-obor-v-brne\/"]}]},{"@type":"ImageObject","inLanguage":"cs","@id":"https:\/\/absl.cz\/cs\/news\/podnikove-sluzby-jsou-nejzamestnanejsi-obor-v-brne\/#primaryimage","url":"https:\/\/absl.cz\/wp-content\/uploads\/2023\/11\/ABSL_BRNO_PRINT-_foto-Stepan-Plucar-scaled.jpg","contentUrl":"https:\/\/absl.cz\/wp-content\/uploads\/2023\/11\/ABSL_BRNO_PRINT-_foto-Stepan-Plucar-scaled.jpg","width":1620,"height":1080},{"@type":"BreadcrumbList","@id":"https:\/\/absl.cz\/cs\/news\/podnikove-sluzby-jsou-nejzamestnanejsi-obor-v-brne\/#breadcrumb","itemListElement":[{"@type":"ListItem","position":1,"name":"Portfolio","item":"https:\/\/absl.cz\/portfolio-items\/"},{"@type":"ListItem","position":2,"name":"Podnikov\u00e9 slu\u017eby jsou nejzam\u011bstnan\u011bj\u0161\u00ed obor v Brn\u011b."}]},{"@type":"WebSite","@id":"https:\/\/absl.cz\/cs\/#website","url":"https:\/\/absl.cz\/cs\/","name":"absl","description":"","potentialAction":[{"@type":"SearchAction","target":{"@type":"EntryPoint","urlTemplate":"https:\/\/absl.cz\/cs\/?s={search_term_string}"},"query-input":{"@type":"PropertyValueSpecification","valueRequired":true,"valueName":"search_term_string"}}],"inLanguage":"cs"}]}},"_links":{"self":[{"href":"https:\/\/absl.cz\/cs\/wp-json\/wp\/v2\/avada_portfolio\/8006","targetHints":{"allow":["GET"]}}],"collection":[{"href":"https:\/\/absl.cz\/cs\/wp-json\/wp\/v2\/avada_portfolio"}],"about":[{"href":"https:\/\/absl.cz\/cs\/wp-json\/wp\/v2\/types\/avada_portfolio"}],"author":[{"embeddable":true,"href":"https:\/\/absl.cz\/cs\/wp-json\/wp\/v2\/users\/6"}],"replies":[{"embeddable":true,"href":"https:\/\/absl.cz\/cs\/wp-json\/wp\/v2\/comments?post=8006"}],"version-history":[{"count":1,"href":"https:\/\/absl.cz\/cs\/wp-json\/wp\/v2\/avada_portfolio\/8006\/revisions"}],"predecessor-version":[{"id":8009,"href":"https:\/\/absl.cz\/cs\/wp-json\/wp\/v2\/avada_portfolio\/8006\/revisions\/8009"}],"wp:featuredmedia":[{"embeddable":true,"href":"https:\/\/absl.cz\/cs\/wp-json\/wp\/v2\/media\/7073"}],"wp:attachment":[{"href":"https:\/\/absl.cz\/cs\/wp-json\/wp\/v2\/media?parent=8006"}],"wp:term":[{"taxonomy":"portfolio_category","embeddable":true,"href":"https:\/\/absl.cz\/cs\/wp-json\/wp\/v2\/portfolio_category?post=8006"},{"taxonomy":"portfolio_skills","embeddable":true,"href":"https:\/\/absl.cz\/cs\/wp-json\/wp\/v2\/portfolio_skills?post=8006"},{"taxonomy":"portfolio_tags","embeddable":true,"href":"https:\/\/absl.cz\/cs\/wp-json\/wp\/v2\/portfolio_tags?post=8006"}],"curies":[{"name":"wp","href":"https:\/\/api.w.org\/{rel}","templated":true}]}}

Podnikové služby jsou nejzaměstnanější obor v Brně.

<div class="fusion-fullwidth fullwidth-box fusion-builder-row-1 fusion-flex-container has-pattern-background has-mask-background nonhundred-percent-fullwidth non-hundred-percent-height-scrolling" style="--awb-border-radius-top-left:0px;--awb-border-radius-top-right:0px;--awb-border-radius-bottom-right:0px;--awb-border-radius-bottom-left:0px;--awb-flex-wrap:wrap;" ><div class="fusion-builder-row fusion-row fusion-flex-align-items-flex-start fusion-flex-content-wrap" style="max-width:1123.2px;margin-left: calc(-4% / 2 );margin-right: calc(-4% / 2 );"><div class="fusion-layout-column fusion_builder_column fusion-builder-column-0 fusion_builder_column_1_2 1_2 fusion-flex-column" style="--awb-bg-size:cover;--awb-width-large:50%;--awb-margin-top-large:0px;--awb-spacing-right-large:3.84%;--awb-margin-bottom-large:20px;--awb-spacing-left-large:3.84%;--awb-width-medium:50%;--awb-order-medium:0;--awb-spacing-right-medium:3.84%;--awb-spacing-left-medium:3.84%;--awb-width-small:100%;--awb-order-small:0;--awb-spacing-right-small:1.92%;--awb-spacing-left-small:1.92%;"><div class="fusion-column-wrapper fusion-column-has-shadow fusion-flex-justify-content-flex-start fusion-content-layout-column"><div class="fusion-text fusion-text-1"><p>Každý 6 člověk v Brně pracuje v oboru IT a v oboru podnikových služeb. Je to nejrychleji se rozvíjející sektor české ekonomiky. Brno se v tom sektoru podnikových služeb a stavu jakým jsi centrem a to celoevropský protože v žádném jiném evropském městě není ta hustota zaměstnanosti v tomto sektoru tak vysoká.</p>
</div></div></div><div class="fusion-layout-column fusion_builder_column fusion-builder-column-1 fusion_builder_column_1_2 1_2 fusion-flex-column" style="--awb-bg-size:cover;--awb-width-large:50%;--awb-margin-top-large:0px;--awb-spacing-right-large:3.84%;--awb-margin-bottom-large:20px;--awb-spacing-left-large:3.84%;--awb-width-medium:50%;--awb-order-medium:0;--awb-spacing-right-medium:3.84%;--awb-spacing-left-medium:3.84%;--awb-width-small:100%;--awb-order-small:0;--awb-spacing-right-small:1.92%;--awb-spacing-left-small:1.92%;"><div class="fusion-column-wrapper fusion-column-has-shadow fusion-flex-justify-content-flex-start fusion-content-layout-column"><div class="fusion-video fusion-selfhosted-video" style="max-width:100%;"><div class="video-wrapper"><video playsinline="true" width="100%" style="object-fit: cover;" autoplay="true" muted="true" loop="true" preload="auto" controls="1"><source src="https://absl.cz/wp-content/uploads/2024/02/download.mp4" type="video/mp4">Sorry, your browser doesn&#039;t support embedded videos.</video></div></div></div></div></div></div>

<!-- This site is optimized with the Yoast SEO plugin v27.5 - https://yoast.com/product/yoast-seo-wordpress/ -->
<title>Podnikové služby jsou nejzaměstnanější obor v Brně. - absl</title>
<meta name="robots" content="index, follow, max-snippet:-1, max-image-preview:large, max-video-preview:-1" />
<link rel="canonical" href="https://absl.cz/cs/news/podnikove-sluzby-jsou-nejzamestnanejsi-obor-v-brne/" />
<meta property="og:locale" content="cs_CZ" />
<meta property="og:type" content="article" />
<meta property="og:title" content="Podnikové služby jsou nejzaměstnanější obor v Brně. - absl" />
<meta property="og:url" content="https://absl.cz/cs/news/podnikove-sluzby-jsou-nejzamestnanejsi-obor-v-brne/" />
<meta property="og:site_name" content="absl" />
<meta property="article:modified_time" content="2024-02-05T10:44:50+00:00" />
<meta property="og:image" content="https://absl.cz/wp-content/uploads/2023/11/ABSL_BRNO_PRINT-_foto-Stepan-Plucar-scaled.jpg" />
	<meta property="og:image:width" content="2560" />
	<meta property="og:image:height" content="1707" />
	<meta property="og:image:type" content="image/jpeg" />
<meta name="twitter:card" content="summary_large_image" />
<meta name="twitter:label1" content="Odhadovaná doba čtení" />
	<meta name="twitter:data1" content="1 minuta" />
<script type="application/ld+json" class="yoast-schema-graph">{"@context":"https:\/\/schema.org","@graph":[{"@type":"WebPage","@id":"https:\/\/absl.cz\/cs\/news\/podnikove-sluzby-jsou-nejzamestnanejsi-obor-v-brne\/","url":"https:\/\/absl.cz\/cs\/news\/podnikove-sluzby-jsou-nejzamestnanejsi-obor-v-brne\/","name":"Podnikové služby jsou nejzaměstnanější obor v Brně. - absl","isPartOf":{"@id":"https:\/\/absl.cz\/cs\/#website"},"primaryImageOfPage":{"@id":"https:\/\/absl.cz\/cs\/news\/podnikove-sluzby-jsou-nejzamestnanejsi-obor-v-brne\/#primaryimage"},"image":{"@id":"https:\/\/absl.cz\/cs\/news\/podnikove-sluzby-jsou-nejzamestnanejsi-obor-v-brne\/#primaryimage"},"thumbnailUrl":"https:\/\/absl.cz\/wp-content\/uploads\/2023\/11\/ABSL_BRNO_PRINT-_foto-Stepan-Plucar-scaled.jpg","datePublished":"2023-10-31T10:40:57+00:00","dateModified":"2024-02-05T10:44:50+00:00","breadcrumb":{"@id":"https:\/\/absl.cz\/cs\/news\/podnikove-sluzby-jsou-nejzamestnanejsi-obor-v-brne\/#breadcrumb"},"inLanguage":"cs","potentialAction":[{"@type":"ReadAction","target":["https:\/\/absl.cz\/cs\/news\/podnikove-sluzby-jsou-nejzamestnanejsi-obor-v-brne\/"]}]},{"@type":"ImageObject","inLanguage":"cs","@id":"https:\/\/absl.cz\/cs\/news\/podnikove-sluzby-jsou-nejzamestnanejsi-obor-v-brne\/#primaryimage","url":"https:\/\/absl.cz\/wp-content\/uploads\/2023\/11\/ABSL_BRNO_PRINT-_foto-Stepan-Plucar-scaled.jpg","contentUrl":"https:\/\/absl.cz\/wp-content\/uploads\/2023\/11\/ABSL_BRNO_PRINT-_foto-Stepan-Plucar-scaled.jpg","width":1620,"height":1080},{"@type":"BreadcrumbList","@id":"https:\/\/absl.cz\/cs\/news\/podnikove-sluzby-jsou-nejzamestnanejsi-obor-v-brne\/#breadcrumb","itemListElement":[{"@type":"ListItem","position":1,"name":"Portfolio","item":"https:\/\/absl.cz\/portfolio-items\/"},{"@type":"ListItem","position":2,"name":"Podnikové služby jsou nejzaměstnanější obor v Brně."}]},{"@type":"WebSite","@id":"https:\/\/absl.cz\/cs\/#website","url":"https:\/\/absl.cz\/cs\/","name":"absl","description":"","potentialAction":[{"@type":"SearchAction","target":{"@type":"EntryPoint","urlTemplate":"https:\/\/absl.cz\/cs\/?s={search_term_string}"},"query-input":{"@type":"PropertyValueSpecification","valueRequired":true,"valueName":"search_term_string"}}],"inLanguage":"cs"}]}</script>
<!-- / Yoast SEO plugin. -->

Podnikové služby jsou nejzaměstnanější obor v Brně. - absl
